{"id":6680,"date":"2022-07-03T19:25:28","date_gmt":"2022-07-03T19:25:28","guid":{"rendered":"https:\/\/ramirochamorro.com\/?post_type=product&#038;p=6680"},"modified":"2026-04-07T01:42:06","modified_gmt":"2026-04-07T01:42:06","slug":"lider-con-corazon-de-siervo","status":"publish","type":"product","link":"https:\/\/ramirochamorro.com\/?product=lider-con-corazon-de-siervo","title":{"rendered":"L\u00edder con Coraz\u00f3n de Siervo"},"content":{"rendered":"<div id=\"bookDescription_feature_div\" class=\"celwidget\" data-feature-name=\"bookDescription\" data-csa-c-id=\"ktacge-qzmyck-vg5ooh-tyrapl\" data-cel-widget=\"bookDescription_feature_div\">\n<div class=\"a-expander-collapsed-height a-row a-expander-container a-spacing-base a-expander-partial-collapse-container\" data-a-expander-name=\"book_description_expander\" data-a-expander-collapsed-height=\"140\">\n<div class=\"a-expander-content a-expander-partial-collapse-content\" aria-expanded=\"false\">El l\u00edder debe tener presente que en cualquier momento se puede presentar una adversidad, la capacidad de responder a ella de una manera sabia y eficiente es lo que distingue al l\u00edder de los dem\u00e1s. El actuar con serenidad y reconocer que todo lo que somos se lo debemos a Dios, es lo que nos hace ser exitosos en la carrera de liderar. Los desaf\u00edos de la vida, los momentos de dolor, las aventuras que nos atrevemos a pasar en esto que llamamos liderazgo es de todos los d\u00edas, pero no todo es dolor y sufrimiento, tambi\u00e9n vemos en cada momento el respaldo de Dios en lo que hacemos.<\/div>\n<\/div>\n<\/div>\n<div id=\"hushpuppyUpsell_feature_div\" class=\"celwidget\" data-feature-name=\"hushpuppyUpsell\" data-csa-c-id=\"rkgmb9-klwwp1-4hn0y7-evuluq\" data-cel-widget=\"hushpuppyUpsell_feature_div\"><\/div>\n","protected":false},"excerpt":{"rendered":"<div id=\"bookDescription_feature_div\" class=\"celwidget\" data-feature-name=\"bookDescription\" data-csa-c-id=\"ktacge-qzmyck-vg5ooh-tyrapl\" data-cel-widget=\"bookDescription_feature_div\">\n<div class=\"a-expander-collapsed-height a-row a-expander-container a-spacing-base a-expander-partial-collapse-container\" data-a-expander-name=\"book_description_expander\" data-a-expander-collapsed-height=\"140\">\n<div class=\"a-expander-content a-expander-partial-collapse-content\" aria-expanded=\"false\">El l\u00edder debe tener presente que en cualquier momento se puede presentar una adversidad, la capacidad de responder a ella de una manera sabia y eficiente es lo que distingue al l\u00edder de los dem\u00e1s. El actuar con serenidad y reconocer que todo lo que somos se lo debemos a Dios, es lo que nos hace ser exitosos en la carrera de liderar. Los desaf\u00edos de la vida, los momentos de dolor, las aventuras que nos atrevemos a pasar en esto que llamamos liderazgo es de todos los d\u00edas, pero no todo es dolor y sufrimiento, tambi\u00e9n vemos en cada momento el respaldo de Dios en lo que hacemos.<\/div>\n<div aria-expanded=\"false\"><\/div>\n<div class=\"a-expander-content a-expander-partial-collapse-content\" aria-expanded=\"false\"><strong><span style=\"font-size: 2em;\">Detalles del producto<\/span><\/strong><\/div>\n<\/div>\n<\/div>\n<div id=\"richProductInformation_feature_div\" class=\"celwidget\" data-feature-name=\"richProductInformation\" data-csa-c-id=\"t4rzj0-dnjc2i-3ygxbj-xyscqd\" data-cel-widget=\"richProductInformation_feature_div\">\n<div id=\"rich_product_information\" class=\"a-section a-spacing-none celwidget\" data-csa-c-id=\"qv53xn-2vrdge-jp55t5-63zv4c\" data-cel-widget=\"rich_product_information\">\n<div id=\"detailBullets_feature_div\">\n<ul class=\"a-unordered-list a-nostyle a-vertical a-spacing-none detail-bullet-list\">\n<li><span class=\"a-list-item\"><span class=\"a-text-bold\">ASIN \u200f : \u200e\u00a0<\/span>B07D93TKMZ<\/span><\/li>\n<li><span class=\"a-list-item\"><span class=\"a-text-bold\">Fecha de publicaci\u00f3n \u200f : \u200e\u00a0<\/span>23 Mayo 2018<\/span><\/li>\n<li><span class=\"a-list-item\"><span class=\"a-text-bold\">Idioma \u200f : \u200e\u00a0<\/span>Espa\u00f1ol<\/span><\/li>\n<li><span class=\"a-list-item\"><span class=\"a-text-bold\">Tama\u00f1o del archivo \u200f : \u200e\u00a0<\/span>515 KB<\/span><\/li>\n<li><span class=\"a-list-item\"><span class=\"a-text-bold\">Texto a voz \u200f : \u200e\u00a0<\/span>Activado<\/span><\/li>\n<li><span class=\"a-list-item\"><span class=\"a-text-bold\">Lector de pantalla: \u200f : \u200e\u00a0<\/span>Respaldados<\/span><\/li>\n<li><span class=\"a-list-item\"><span class=\"a-text-bold\">Composici\u00f3n tipogr\u00e1fica mejorada \u200f : \u200e\u00a0<\/span>Activado<\/span><\/li>\n<li><span class=\"a-list-item\"><span class=\"a-text-bold\">Word Wise \u200f : \u200e\u00a0<\/span>No activado<\/span><\/li>\n<li><span class=\"a-list-item\"><span class=\"a-text-bold\">N\u00famero de p\u00e1ginas \u200f : \u200e\u00a0<\/span>72 p\u00e1ginas<\/span><\/li>\n<\/ul>\n<\/div>\n<\/div>\n<\/div>\n","protected":false},"featured_media":7100,"comment_status":"open","ping_status":"closed","template":"","meta":{"inline_featured_image":false},"product_cat":[75,78,76,77],"product_tag":[73],"class_list":{"0":"post-6680","1":"product","2":"type-product","3":"status-publish","4":"has-post-thumbnail","6":"product_cat-historias","7":"product_cat-jovenes","8":"product_cat-liderazgo","9":"product_cat-vida-cristiana","10":"product_tag-lider-con-corazon-de-siervo","12":"first","13":"instock","14":"downloadable","15":"virtual","16":"purchasable","17":"product-type-simple"},"yoast_head":"<!-- This site is optimized with the Yoast SEO Premium plugin v18.7 (Yoast SEO v26.3) - https:\/\/yoast.com\/wordpress\/plugins\/seo\/ -->\n<title>L\u00edder con Coraz\u00f3n de Siervo - Ramiro Chamorro<\/title>\n<meta name=\"robots\" content=\"index, follow, max-snippet:-1, max-image-preview:large, max-video-preview:-1\" \/>\n<link rel=\"canonical\" href=\"https:\/\/ramirochamorro.com\/producto\/lider-con-corazon-de-siervo\/\" \/>\n<meta property=\"og:locale\" content=\"es_ES\" \/>\n<meta property=\"og:type\" content=\"article\" \/>\n<meta property=\"og:title\" content=\"L\u00edder con Coraz\u00f3n de Siervo\" \/>\n<meta property=\"og:description\" content=\"El l\u00edder debe tener presente que en cualquier momento se puede presentar una adversidad, la capacidad de responder a ella de una manera sabia y eficiente es lo que distingue al l\u00edder de los dem\u00e1s. El actuar con serenidad y reconocer que todo lo que somos se lo debemos a Dios, es lo que nos hace ser exitosos en la carrera de liderar. Los desaf\u00edos de la vida, los momentos de dolor, las aventuras que nos atrevemos a pasar en esto que llamamos liderazgo es de todos los d\u00edas, pero no todo es dolor y sufrimiento, tambi\u00e9n vemos en cada momento el respaldo de Dios en lo que hacemos.  Detalles del producto        ASIN \u200f : \u200e\u00a0B07D93TKMZ  Fecha de publicaci\u00f3n \u200f : \u200e\u00a023 Mayo 2018  Idioma \u200f : \u200e\u00a0Espa\u00f1ol  Tama\u00f1o del archivo \u200f : \u200e\u00a0515 KB  Texto a voz \u200f : \u200e\u00a0Activado  Lector de pantalla: \u200f : \u200e\u00a0Respaldados  Composici\u00f3n tipogr\u00e1fica mejorada \u200f : \u200e\u00a0Activado  Word Wise \u200f : \u200e\u00a0No activado  N\u00famero de p\u00e1ginas \u200f : \u200e\u00a072 p\u00e1ginas\" \/>\n<meta property=\"og:url\" content=\"https:\/\/ramirochamorro.com\/producto\/lider-con-corazon-de-siervo\/\" \/>\n<meta property=\"og:site_name\" content=\"Ramiro Chamorro\" \/>\n<meta property=\"article:modified_time\" content=\"2026-04-07T01:42:06+00:00\" \/>\n<meta property=\"og:image\" content=\"http:\/\/ramirochamorro.com\/wp-content\/uploads\/2022\/07\/Copia-de-LIDER-scaled.jpg\" \/>\n\t<meta property=\"og:image:width\" content=\"1707\" \/>\n\t<meta property=\"og:image:height\" content=\"2560\" \/>\n\t<meta property=\"og:image:type\" content=\"image\/jpeg\" \/>\n<meta name=\"twitter:card\" content=\"summary_large_image\" \/>\n<meta name=\"twitter:label1\" content=\"Tiempo de lectura\" \/>\n\t<meta name=\"twitter:data1\" content=\"1 minuto\" \/>\n<script type=\"application\/ld+json\" class=\"yoast-schema-graph\">{\"@context\":\"https:\/\/schema.org\",\"@graph\":[{\"@type\":\"WebPage\",\"@id\":\"https:\/\/ramirochamorro.com\/producto\/lider-con-corazon-de-siervo\/\",\"url\":\"https:\/\/ramirochamorro.com\/producto\/lider-con-corazon-de-siervo\/\",\"name\":\"L\u00edder con Coraz\u00f3n de Siervo - Ramiro Chamorro\",\"isPartOf\":{\"@id\":\"https:\/\/ramirochamorro.com\/#website\"},\"primaryImageOfPage\":{\"@id\":\"https:\/\/ramirochamorro.com\/producto\/lider-con-corazon-de-siervo\/#primaryimage\"},\"image\":{\"@id\":\"https:\/\/ramirochamorro.com\/producto\/lider-con-corazon-de-siervo\/#primaryimage\"},\"thumbnailUrl\":\"https:\/\/ramirochamorro.com\/wp-content\/uploads\/2022\/07\/Copia-de-LIDER-scaled.jpg\",\"datePublished\":\"2022-07-03T19:25:28+00:00\",\"dateModified\":\"2026-04-07T01:42:06+00:00\",\"breadcrumb\":{\"@id\":\"https:\/\/ramirochamorro.com\/producto\/lider-con-corazon-de-siervo\/#breadcrumb\"},\"inLanguage\":\"es\",\"potentialAction\":[{\"@type\":\"ReadAction\",\"target\":[\"https:\/\/ramirochamorro.com\/producto\/lider-con-corazon-de-siervo\/\"]}]},{\"@type\":\"ImageObject\",\"inLanguage\":\"es\",\"@id\":\"https:\/\/ramirochamorro.com\/producto\/lider-con-corazon-de-siervo\/#primaryimage\",\"url\":\"https:\/\/ramirochamorro.com\/wp-content\/uploads\/2022\/07\/Copia-de-LIDER-scaled.jpg\",\"contentUrl\":\"https:\/\/ramirochamorro.com\/wp-content\/uploads\/2022\/07\/Copia-de-LIDER-scaled.jpg\",\"width\":1707,\"height\":2560},{\"@type\":\"BreadcrumbList\",\"@id\":\"https:\/\/ramirochamorro.com\/producto\/lider-con-corazon-de-siervo\/#breadcrumb\",\"itemListElement\":[{\"@type\":\"ListItem\",\"position\":1,\"name\":\"Home\",\"item\":\"https:\/\/ramirochamorro.com\/\"},{\"@type\":\"ListItem\",\"position\":2,\"name\":\"Tienda\",\"item\":\"https:\/\/ramirochamorro.com\/?page_id=11\"},{\"@type\":\"ListItem\",\"position\":3,\"name\":\"L\u00edder con Coraz\u00f3n de Siervo\"}]},{\"@type\":\"WebSite\",\"@id\":\"https:\/\/ramirochamorro.com\/#website\",\"url\":\"https:\/\/ramirochamorro.com\/\",\"name\":\"Ramiro Chamorro\",\"description\":\"En Construccion\",\"publisher\":{\"@id\":\"https:\/\/ramirochamorro.com\/#organization\"},\"potentialAction\":[{\"@type\":\"SearchAction\",\"target\":{\"@type\":\"EntryPoint\",\"urlTemplate\":\"https:\/\/ramirochamorro.com\/?s={search_term_string}\"},\"query-input\":{\"@type\":\"PropertyValueSpecification\",\"valueRequired\":true,\"valueName\":\"search_term_string\"}}],\"inLanguage\":\"es\"},{\"@type\":\"Organization\",\"@id\":\"https:\/\/ramirochamorro.com\/#organization\",\"name\":\"Ramiro Chamorro\",\"url\":\"https:\/\/ramirochamorro.com\/\",\"logo\":{\"@type\":\"ImageObject\",\"inLanguage\":\"es\",\"@id\":\"https:\/\/ramirochamorro.com\/#\/schema\/logo\/image\/\",\"url\":\"https:\/\/ramirochamorro.com\/wp-content\/uploads\/2022\/07\/cropped-RAAMIRO.png\",\"contentUrl\":\"https:\/\/ramirochamorro.com\/wp-content\/uploads\/2022\/07\/cropped-RAAMIRO.png\",\"width\":502,\"height\":176,\"caption\":\"Ramiro Chamorro\"},\"image\":{\"@id\":\"https:\/\/ramirochamorro.com\/#\/schema\/logo\/image\/\"}}]}<\/script>\n<!-- \/ Yoast SEO Premium plugin. -->","yoast_head_json":{"title":"L\u00edder con Coraz\u00f3n de Siervo - Ramiro Chamorro","robots":{"index":"index","follow":"follow","max-snippet":"max-snippet:-1","max-image-preview":"max-image-preview:large","max-video-preview":"max-video-preview:-1"},"canonical":"https:\/\/ramirochamorro.com\/producto\/lider-con-corazon-de-siervo\/","og_locale":"es_ES","og_type":"article","og_title":"L\u00edder con Coraz\u00f3n de Siervo","og_description":"El l\u00edder debe tener presente que en cualquier momento se puede presentar una adversidad, la capacidad de responder a ella de una manera sabia y eficiente es lo que distingue al l\u00edder de los dem\u00e1s. El actuar con serenidad y reconocer que todo lo que somos se lo debemos a Dios, es lo que nos hace ser exitosos en la carrera de liderar. Los desaf\u00edos de la vida, los momentos de dolor, las aventuras que nos atrevemos a pasar en esto que llamamos liderazgo es de todos los d\u00edas, pero no todo es dolor y sufrimiento, tambi\u00e9n vemos en cada momento el respaldo de Dios en lo que hacemos.  Detalles del producto        ASIN \u200f : \u200e\u00a0B07D93TKMZ  Fecha de publicaci\u00f3n \u200f : \u200e\u00a023 Mayo 2018  Idioma \u200f : \u200e\u00a0Espa\u00f1ol  Tama\u00f1o del archivo \u200f : \u200e\u00a0515 KB  Texto a voz \u200f : \u200e\u00a0Activado  Lector de pantalla: \u200f : \u200e\u00a0Respaldados  Composici\u00f3n tipogr\u00e1fica mejorada \u200f : \u200e\u00a0Activado  Word Wise \u200f : \u200e\u00a0No activado  N\u00famero de p\u00e1ginas \u200f : \u200e\u00a072 p\u00e1ginas","og_url":"https:\/\/ramirochamorro.com\/producto\/lider-con-corazon-de-siervo\/","og_site_name":"Ramiro Chamorro","article_modified_time":"2026-04-07T01:42:06+00:00","og_image":[{"width":1707,"height":2560,"url":"http:\/\/ramirochamorro.com\/wp-content\/uploads\/2022\/07\/Copia-de-LIDER-scaled.jpg","type":"image\/jpeg"}],"twitter_card":"summary_large_image","twitter_misc":{"Tiempo de lectura":"1 minuto"},"schema":{"@context":"https:\/\/schema.org","@graph":[{"@type":"WebPage","@id":"https:\/\/ramirochamorro.com\/producto\/lider-con-corazon-de-siervo\/","url":"https:\/\/ramirochamorro.com\/producto\/lider-con-corazon-de-siervo\/","name":"L\u00edder con Coraz\u00f3n de Siervo - Ramiro Chamorro","isPartOf":{"@id":"https:\/\/ramirochamorro.com\/#website"},"primaryImageOfPage":{"@id":"https:\/\/ramirochamorro.com\/producto\/lider-con-corazon-de-siervo\/#primaryimage"},"image":{"@id":"https:\/\/ramirochamorro.com\/producto\/lider-con-corazon-de-siervo\/#primaryimage"},"thumbnailUrl":"https:\/\/ramirochamorro.com\/wp-content\/uploads\/2022\/07\/Copia-de-LIDER-scaled.jpg","datePublished":"2022-07-03T19:25:28+00:00","dateModified":"2026-04-07T01:42:06+00:00","breadcrumb":{"@id":"https:\/\/ramirochamorro.com\/producto\/lider-con-corazon-de-siervo\/#breadcrumb"},"inLanguage":"es","potentialAction":[{"@type":"ReadAction","target":["https:\/\/ramirochamorro.com\/producto\/lider-con-corazon-de-siervo\/"]}]},{"@type":"ImageObject","inLanguage":"es","@id":"https:\/\/ramirochamorro.com\/producto\/lider-con-corazon-de-siervo\/#primaryimage","url":"https:\/\/ramirochamorro.com\/wp-content\/uploads\/2022\/07\/Copia-de-LIDER-scaled.jpg","contentUrl":"https:\/\/ramirochamorro.com\/wp-content\/uploads\/2022\/07\/Copia-de-LIDER-scaled.jpg","width":1707,"height":2560},{"@type":"BreadcrumbList","@id":"https:\/\/ramirochamorro.com\/producto\/lider-con-corazon-de-siervo\/#breadcrumb","itemListElement":[{"@type":"ListItem","position":1,"name":"Home","item":"https:\/\/ramirochamorro.com\/"},{"@type":"ListItem","position":2,"name":"Tienda","item":"https:\/\/ramirochamorro.com\/?page_id=11"},{"@type":"ListItem","position":3,"name":"L\u00edder con Coraz\u00f3n de Siervo"}]},{"@type":"WebSite","@id":"https:\/\/ramirochamorro.com\/#website","url":"https:\/\/ramirochamorro.com\/","name":"Ramiro Chamorro","description":"En Construccion","publisher":{"@id":"https:\/\/ramirochamorro.com\/#organization"},"potentialAction":[{"@type":"SearchAction","target":{"@type":"EntryPoint","urlTemplate":"https:\/\/ramirochamorro.com\/?s={search_term_string}"},"query-input":{"@type":"PropertyValueSpecification","valueRequired":true,"valueName":"search_term_string"}}],"inLanguage":"es"},{"@type":"Organization","@id":"https:\/\/ramirochamorro.com\/#organization","name":"Ramiro Chamorro","url":"https:\/\/ramirochamorro.com\/","logo":{"@type":"ImageObject","inLanguage":"es","@id":"https:\/\/ramirochamorro.com\/#\/schema\/logo\/image\/","url":"https:\/\/ramirochamorro.com\/wp-content\/uploads\/2022\/07\/cropped-RAAMIRO.png","contentUrl":"https:\/\/ramirochamorro.com\/wp-content\/uploads\/2022\/07\/cropped-RAAMIRO.png","width":502,"height":176,"caption":"Ramiro Chamorro"},"image":{"@id":"https:\/\/ramirochamorro.com\/#\/schema\/logo\/image\/"}}]}},"_links":{"self":[{"href":"https:\/\/ramirochamorro.com\/index.php?rest_route=\/wp\/v2\/product\/6680","targetHints":{"allow":["GET"]}}],"collection":[{"href":"https:\/\/ramirochamorro.com\/index.php?rest_route=\/wp\/v2\/product"}],"about":[{"href":"https:\/\/ramirochamorro.com\/index.php?rest_route=\/wp\/v2\/types\/product"}],"replies":[{"embeddable":true,"href":"https:\/\/ramirochamorro.com\/index.php?rest_route=%2Fwp%2Fv2%2Fcomments&post=6680"}],"wp:featuredmedia":[{"embeddable":true,"href":"https:\/\/ramirochamorro.com\/index.php?rest_route=\/wp\/v2\/media\/7100"}],"wp:attachment":[{"href":"https:\/\/ramirochamorro.com\/index.php?rest_route=%2Fwp%2Fv2%2Fmedia&parent=6680"}],"wp:term":[{"taxonomy":"product_cat","embeddable":true,"href":"https:\/\/ramirochamorro.com\/index.php?rest_route=%2Fwp%2Fv2%2Fproduct_cat&post=6680"},{"taxonomy":"product_tag","embeddable":true,"href":"https:\/\/ramirochamorro.com\/index.php?rest_route=%2Fwp%2Fv2%2Fproduct_tag&post=6680"}],"curies":[{"name":"wp","href":"https:\/\/api.w.org\/{rel}","templated":true}]}}