{"id":6674,"date":"2022-07-03T19:18:51","date_gmt":"2022-07-03T19:18:51","guid":{"rendered":"https:\/\/ramirochamorro.com\/?post_type=product&#038;p=6674"},"modified":"2026-04-06T01:19:02","modified_gmt":"2026-04-06T01:19:02","slug":"proposito-la-razon-del-porque-vivir","status":"publish","type":"product","link":"https:\/\/ramirochamorro.com\/?product=proposito-la-razon-del-porque-vivir","title":{"rendered":"PROP\u00d3SITO: La raz\u00f3n del porqu\u00e9 vivir"},"content":{"rendered":"<p>Est\u00e1 en cada persona la oportunidad de vivir la vida conforme al plan que se gest\u00f3 en el cielo antes de que fu\u00e9semos formados. Todos tenemos la responsabilidad de descubrir el prop\u00f3sito y vivir para hacerlo realidad. No permitas irte de este mundo sin descubrir, vivir y cosechar la raz\u00f3n de tu prop\u00f3sito. No vivas en deuda con la humanidad con lo que deber\u00edas aportar para que esta existencia sea mejor. En ti est\u00e1 el dise\u00f1o que Dios estableci\u00f3 para que este mundo sea mejor. Viniste en este tiempo para aportar y hacer un cambio. Lo mejor que puedes hacer ya mismo es caminar y descubrir tu prop\u00f3sito; y, una vez que lo encuentres, no desviarte por nada en el mundo. Cumple tu raz\u00f3n de ser, vive conforme al prop\u00f3sito.<\/p>\n","protected":false},"excerpt":{"rendered":"<p>Est\u00e1 en cada persona la oportunidad de vivir la vida conforme al plan que se gest\u00f3 en el cielo antes de que fu\u00e9semos formados. Todos tenemos la responsabilidad de descubrir el prop\u00f3sito y vivir para hacerlo realidad. No permitas irte de este mundo sin descubrir, vivir y cosechar la raz\u00f3n de tu prop\u00f3sito. No vivas en deuda con la humanidad con lo que deber\u00edas aportar para que esta existencia sea mejor. En ti est\u00e1 el dise\u00f1o que Dios estableci\u00f3 para que este mundo sea mejor. Viniste en este tiempo para aportar y hacer un cambio. Lo mejor que puedes hacer ya mismo es caminar y descubrir tu prop\u00f3sito; y, una vez que lo encuentres, no desviarte por nada en el mundo. Cumple tu raz\u00f3n de ser, vive conforme al prop\u00f3sito.<\/p>\n<p><strong>Detalles del producto<\/strong><\/p>\n<div id=\"detailBullets_feature_div\">\n<ul class=\"a-unordered-list a-nostyle a-vertical a-spacing-none detail-bullet-list\">\n<li><span class=\"a-list-item\"><span class=\"a-text-bold\">ASIN \u200f : \u200e\u00a0<\/span>B09MYJ7VQT<\/span><\/li>\n<li><span class=\"a-list-item\"><span class=\"a-text-bold\">Fecha de publicaci\u00f3n \u200f : \u200e\u00a0<\/span>1 Diciembre 2021<\/span><\/li>\n<li><span class=\"a-list-item\"><span class=\"a-text-bold\">Idioma \u200f : \u200e\u00a0<\/span>Espa\u00f1ol<\/span><\/li>\n<li><span class=\"a-list-item\"><span class=\"a-text-bold\">Tama\u00f1o del archivo \u200f : \u200e\u00a0<\/span>998 KB<\/span><\/li>\n<li><span class=\"a-list-item\"><span class=\"a-text-bold\">Texto a voz \u200f : \u200e\u00a0<\/span>Activado<\/span><\/li>\n<li><span class=\"a-list-item\"><span class=\"a-text-bold\">Lector de pantalla: \u200f : \u200e\u00a0<\/span>Respaldados<\/span><\/li>\n<li><span class=\"a-list-item\"><span class=\"a-text-bold\">Composici\u00f3n tipogr\u00e1fica mejorada \u200f : \u200e\u00a0<\/span>Activado<\/span><\/li>\n<li><span class=\"a-list-item\"><span class=\"a-text-bold\">Word Wise \u200f : \u200e\u00a0<\/span>No activado<\/span><\/li>\n<li><span class=\"a-list-item\"><span class=\"a-text-bold\">N\u00famero de p\u00e1ginas \u200f : \u200e\u00a0<\/span>97 p\u00e1ginas<\/span><\/li>\n<li><span class=\"a-list-item\"><span class=\"a-text-bold\">Pr\u00e9stamo \u200f : \u200e\u00a0<\/span>Activado<\/span><\/li>\n<\/ul>\n<\/div>\n","protected":false},"featured_media":6676,"comment_status":"open","ping_status":"closed","template":"","meta":{"inline_featured_image":false},"product_cat":[78,76,77],"product_tag":[70,71],"class_list":{"0":"post-6674","1":"product","2":"type-product","3":"status-publish","4":"has-post-thumbnail","6":"product_cat-jovenes","7":"product_cat-liderazgo","8":"product_cat-vida-cristiana","9":"product_tag-la-razon-del-porque-vivir","10":"product_tag-proposito","12":"first","13":"instock","14":"downloadable","15":"virtual","16":"purchasable","17":"product-type-simple"},"yoast_head":"<!-- This site is optimized with the Yoast SEO Premium plugin v18.7 (Yoast SEO v26.3) - https:\/\/yoast.com\/wordpress\/plugins\/seo\/ -->\n<title>PROP\u00d3SITO: La raz\u00f3n del porqu\u00e9 vivir - Ramiro Chamorro<\/title>\n<meta name=\"robots\" content=\"index, follow, max-snippet:-1, max-image-preview:large, max-video-preview:-1\" \/>\n<link rel=\"canonical\" href=\"https:\/\/ramirochamorro.com\/producto\/proposito-la-razon-del-porque-vivir\/\" \/>\n<meta property=\"og:locale\" content=\"es_ES\" \/>\n<meta property=\"og:type\" content=\"article\" \/>\n<meta property=\"og:title\" content=\"PROP\u00d3SITO: La raz\u00f3n del porqu\u00e9 vivir\" \/>\n<meta property=\"og:description\" content=\"Est\u00e1 en cada persona la oportunidad de vivir la vida conforme al plan que se gest\u00f3 en el cielo antes de que fu\u00e9semos formados. Todos tenemos la responsabilidad de descubrir el prop\u00f3sito y vivir para hacerlo realidad. No permitas irte de este mundo sin descubrir, vivir y cosechar la raz\u00f3n de tu prop\u00f3sito. No vivas en deuda con la humanidad con lo que deber\u00edas aportar para que esta existencia sea mejor. En ti est\u00e1 el dise\u00f1o que Dios estableci\u00f3 para que este mundo sea mejor. Viniste en este tiempo para aportar y hacer un cambio. Lo mejor que puedes hacer ya mismo es caminar y descubrir tu prop\u00f3sito; y, una vez que lo encuentres, no desviarte por nada en el mundo. Cumple tu raz\u00f3n de ser, vive conforme al prop\u00f3sito.  Detalles del producto    ASIN \u200f : \u200e\u00a0B09MYJ7VQT  Fecha de publicaci\u00f3n \u200f : \u200e\u00a01 Diciembre 2021  Idioma \u200f : \u200e\u00a0Espa\u00f1ol  Tama\u00f1o del archivo \u200f : \u200e\u00a0998 KB  Texto a voz \u200f : \u200e\u00a0Activado  Lector de pantalla: \u200f : \u200e\u00a0Respaldados  Composici\u00f3n tipogr\u00e1fica mejorada \u200f : \u200e\u00a0Activado  Word Wise \u200f : \u200e\u00a0No activado  N\u00famero de p\u00e1ginas \u200f : \u200e\u00a097 p\u00e1ginas  Pr\u00e9stamo \u200f : \u200e\u00a0Activado\" \/>\n<meta property=\"og:url\" content=\"https:\/\/ramirochamorro.com\/producto\/proposito-la-razon-del-porque-vivir\/\" \/>\n<meta property=\"og:site_name\" content=\"Ramiro Chamorro\" \/>\n<meta property=\"article:modified_time\" content=\"2026-04-06T01:19:02+00:00\" \/>\n<meta property=\"og:image\" content=\"http:\/\/ramirochamorro.com\/wp-content\/uploads\/2022\/07\/Copia-de-PROPOSITO-Portada-.jpg\" \/>\n\t<meta property=\"og:image:width\" content=\"1100\" \/>\n\t<meta property=\"og:image:height\" content=\"1700\" \/>\n\t<meta property=\"og:image:type\" content=\"image\/jpeg\" \/>\n<meta name=\"twitter:card\" content=\"summary_large_image\" \/>\n<meta name=\"twitter:label1\" content=\"Tiempo de lectura\" \/>\n\t<meta name=\"twitter:data1\" content=\"1 minuto\" \/>\n<script type=\"application\/ld+json\" class=\"yoast-schema-graph\">{\"@context\":\"https:\/\/schema.org\",\"@graph\":[{\"@type\":\"WebPage\",\"@id\":\"https:\/\/ramirochamorro.com\/producto\/proposito-la-razon-del-porque-vivir\/\",\"url\":\"https:\/\/ramirochamorro.com\/producto\/proposito-la-razon-del-porque-vivir\/\",\"name\":\"PROP\u00d3SITO: La raz\u00f3n del porqu\u00e9 vivir - Ramiro Chamorro\",\"isPartOf\":{\"@id\":\"https:\/\/ramirochamorro.com\/#website\"},\"primaryImageOfPage\":{\"@id\":\"https:\/\/ramirochamorro.com\/producto\/proposito-la-razon-del-porque-vivir\/#primaryimage\"},\"image\":{\"@id\":\"https:\/\/ramirochamorro.com\/producto\/proposito-la-razon-del-porque-vivir\/#primaryimage\"},\"thumbnailUrl\":\"https:\/\/ramirochamorro.com\/wp-content\/uploads\/2022\/07\/Copia-de-PROPOSITO-Portada-.jpg\",\"datePublished\":\"2022-07-03T19:18:51+00:00\",\"dateModified\":\"2026-04-06T01:19:02+00:00\",\"breadcrumb\":{\"@id\":\"https:\/\/ramirochamorro.com\/producto\/proposito-la-razon-del-porque-vivir\/#breadcrumb\"},\"inLanguage\":\"es\",\"potentialAction\":[{\"@type\":\"ReadAction\",\"target\":[\"https:\/\/ramirochamorro.com\/producto\/proposito-la-razon-del-porque-vivir\/\"]}]},{\"@type\":\"ImageObject\",\"inLanguage\":\"es\",\"@id\":\"https:\/\/ramirochamorro.com\/producto\/proposito-la-razon-del-porque-vivir\/#primaryimage\",\"url\":\"https:\/\/ramirochamorro.com\/wp-content\/uploads\/2022\/07\/Copia-de-PROPOSITO-Portada-.jpg\",\"contentUrl\":\"https:\/\/ramirochamorro.com\/wp-content\/uploads\/2022\/07\/Copia-de-PROPOSITO-Portada-.jpg\",\"width\":1100,\"height\":1700},{\"@type\":\"BreadcrumbList\",\"@id\":\"https:\/\/ramirochamorro.com\/producto\/proposito-la-razon-del-porque-vivir\/#breadcrumb\",\"itemListElement\":[{\"@type\":\"ListItem\",\"position\":1,\"name\":\"Home\",\"item\":\"https:\/\/ramirochamorro.com\/\"},{\"@type\":\"ListItem\",\"position\":2,\"name\":\"Tienda\",\"item\":\"https:\/\/ramirochamorro.com\/?page_id=11\"},{\"@type\":\"ListItem\",\"position\":3,\"name\":\"PROP\u00d3SITO: La raz\u00f3n del porqu\u00e9 vivir\"}]},{\"@type\":\"WebSite\",\"@id\":\"https:\/\/ramirochamorro.com\/#website\",\"url\":\"https:\/\/ramirochamorro.com\/\",\"name\":\"Ramiro Chamorro\",\"description\":\"En Construccion\",\"publisher\":{\"@id\":\"https:\/\/ramirochamorro.com\/#organization\"},\"potentialAction\":[{\"@type\":\"SearchAction\",\"target\":{\"@type\":\"EntryPoint\",\"urlTemplate\":\"https:\/\/ramirochamorro.com\/?s={search_term_string}\"},\"query-input\":{\"@type\":\"PropertyValueSpecification\",\"valueRequired\":true,\"valueName\":\"search_term_string\"}}],\"inLanguage\":\"es\"},{\"@type\":\"Organization\",\"@id\":\"https:\/\/ramirochamorro.com\/#organization\",\"name\":\"Ramiro Chamorro\",\"url\":\"https:\/\/ramirochamorro.com\/\",\"logo\":{\"@type\":\"ImageObject\",\"inLanguage\":\"es\",\"@id\":\"https:\/\/ramirochamorro.com\/#\/schema\/logo\/image\/\",\"url\":\"https:\/\/ramirochamorro.com\/wp-content\/uploads\/2022\/07\/cropped-RAAMIRO.png\",\"contentUrl\":\"https:\/\/ramirochamorro.com\/wp-content\/uploads\/2022\/07\/cropped-RAAMIRO.png\",\"width\":502,\"height\":176,\"caption\":\"Ramiro Chamorro\"},\"image\":{\"@id\":\"https:\/\/ramirochamorro.com\/#\/schema\/logo\/image\/\"}}]}<\/script>\n<!-- \/ Yoast SEO Premium plugin. -->","yoast_head_json":{"title":"PROP\u00d3SITO: La raz\u00f3n del porqu\u00e9 vivir - Ramiro Chamorro","robots":{"index":"index","follow":"follow","max-snippet":"max-snippet:-1","max-image-preview":"max-image-preview:large","max-video-preview":"max-video-preview:-1"},"canonical":"https:\/\/ramirochamorro.com\/producto\/proposito-la-razon-del-porque-vivir\/","og_locale":"es_ES","og_type":"article","og_title":"PROP\u00d3SITO: La raz\u00f3n del porqu\u00e9 vivir","og_description":"Est\u00e1 en cada persona la oportunidad de vivir la vida conforme al plan que se gest\u00f3 en el cielo antes de que fu\u00e9semos formados. Todos tenemos la responsabilidad de descubrir el prop\u00f3sito y vivir para hacerlo realidad. No permitas irte de este mundo sin descubrir, vivir y cosechar la raz\u00f3n de tu prop\u00f3sito. No vivas en deuda con la humanidad con lo que deber\u00edas aportar para que esta existencia sea mejor. En ti est\u00e1 el dise\u00f1o que Dios estableci\u00f3 para que este mundo sea mejor. Viniste en este tiempo para aportar y hacer un cambio. Lo mejor que puedes hacer ya mismo es caminar y descubrir tu prop\u00f3sito; y, una vez que lo encuentres, no desviarte por nada en el mundo. Cumple tu raz\u00f3n de ser, vive conforme al prop\u00f3sito.  Detalles del producto    ASIN \u200f : \u200e\u00a0B09MYJ7VQT  Fecha de publicaci\u00f3n \u200f : \u200e\u00a01 Diciembre 2021  Idioma \u200f : \u200e\u00a0Espa\u00f1ol  Tama\u00f1o del archivo \u200f : \u200e\u00a0998 KB  Texto a voz \u200f : \u200e\u00a0Activado  Lector de pantalla: \u200f : \u200e\u00a0Respaldados  Composici\u00f3n tipogr\u00e1fica mejorada \u200f : \u200e\u00a0Activado  Word Wise \u200f : \u200e\u00a0No activado  N\u00famero de p\u00e1ginas \u200f : \u200e\u00a097 p\u00e1ginas  Pr\u00e9stamo \u200f : \u200e\u00a0Activado","og_url":"https:\/\/ramirochamorro.com\/producto\/proposito-la-razon-del-porque-vivir\/","og_site_name":"Ramiro Chamorro","article_modified_time":"2026-04-06T01:19:02+00:00","og_image":[{"width":1100,"height":1700,"url":"http:\/\/ramirochamorro.com\/wp-content\/uploads\/2022\/07\/Copia-de-PROPOSITO-Portada-.jpg","type":"image\/jpeg"}],"twitter_card":"summary_large_image","twitter_misc":{"Tiempo de lectura":"1 minuto"},"schema":{"@context":"https:\/\/schema.org","@graph":[{"@type":"WebPage","@id":"https:\/\/ramirochamorro.com\/producto\/proposito-la-razon-del-porque-vivir\/","url":"https:\/\/ramirochamorro.com\/producto\/proposito-la-razon-del-porque-vivir\/","name":"PROP\u00d3SITO: La raz\u00f3n del porqu\u00e9 vivir - Ramiro Chamorro","isPartOf":{"@id":"https:\/\/ramirochamorro.com\/#website"},"primaryImageOfPage":{"@id":"https:\/\/ramirochamorro.com\/producto\/proposito-la-razon-del-porque-vivir\/#primaryimage"},"image":{"@id":"https:\/\/ramirochamorro.com\/producto\/proposito-la-razon-del-porque-vivir\/#primaryimage"},"thumbnailUrl":"https:\/\/ramirochamorro.com\/wp-content\/uploads\/2022\/07\/Copia-de-PROPOSITO-Portada-.jpg","datePublished":"2022-07-03T19:18:51+00:00","dateModified":"2026-04-06T01:19:02+00:00","breadcrumb":{"@id":"https:\/\/ramirochamorro.com\/producto\/proposito-la-razon-del-porque-vivir\/#breadcrumb"},"inLanguage":"es","potentialAction":[{"@type":"ReadAction","target":["https:\/\/ramirochamorro.com\/producto\/proposito-la-razon-del-porque-vivir\/"]}]},{"@type":"ImageObject","inLanguage":"es","@id":"https:\/\/ramirochamorro.com\/producto\/proposito-la-razon-del-porque-vivir\/#primaryimage","url":"https:\/\/ramirochamorro.com\/wp-content\/uploads\/2022\/07\/Copia-de-PROPOSITO-Portada-.jpg","contentUrl":"https:\/\/ramirochamorro.com\/wp-content\/uploads\/2022\/07\/Copia-de-PROPOSITO-Portada-.jpg","width":1100,"height":1700},{"@type":"BreadcrumbList","@id":"https:\/\/ramirochamorro.com\/producto\/proposito-la-razon-del-porque-vivir\/#breadcrumb","itemListElement":[{"@type":"ListItem","position":1,"name":"Home","item":"https:\/\/ramirochamorro.com\/"},{"@type":"ListItem","position":2,"name":"Tienda","item":"https:\/\/ramirochamorro.com\/?page_id=11"},{"@type":"ListItem","position":3,"name":"PROP\u00d3SITO: La raz\u00f3n del porqu\u00e9 vivir"}]},{"@type":"WebSite","@id":"https:\/\/ramirochamorro.com\/#website","url":"https:\/\/ramirochamorro.com\/","name":"Ramiro Chamorro","description":"En Construccion","publisher":{"@id":"https:\/\/ramirochamorro.com\/#organization"},"potentialAction":[{"@type":"SearchAction","target":{"@type":"EntryPoint","urlTemplate":"https:\/\/ramirochamorro.com\/?s={search_term_string}"},"query-input":{"@type":"PropertyValueSpecification","valueRequired":true,"valueName":"search_term_string"}}],"inLanguage":"es"},{"@type":"Organization","@id":"https:\/\/ramirochamorro.com\/#organization","name":"Ramiro Chamorro","url":"https:\/\/ramirochamorro.com\/","logo":{"@type":"ImageObject","inLanguage":"es","@id":"https:\/\/ramirochamorro.com\/#\/schema\/logo\/image\/","url":"https:\/\/ramirochamorro.com\/wp-content\/uploads\/2022\/07\/cropped-RAAMIRO.png","contentUrl":"https:\/\/ramirochamorro.com\/wp-content\/uploads\/2022\/07\/cropped-RAAMIRO.png","width":502,"height":176,"caption":"Ramiro Chamorro"},"image":{"@id":"https:\/\/ramirochamorro.com\/#\/schema\/logo\/image\/"}}]}},"_links":{"self":[{"href":"https:\/\/ramirochamorro.com\/index.php?rest_route=\/wp\/v2\/product\/6674","targetHints":{"allow":["GET"]}}],"collection":[{"href":"https:\/\/ramirochamorro.com\/index.php?rest_route=\/wp\/v2\/product"}],"about":[{"href":"https:\/\/ramirochamorro.com\/index.php?rest_route=\/wp\/v2\/types\/product"}],"replies":[{"embeddable":true,"href":"https:\/\/ramirochamorro.com\/index.php?rest_route=%2Fwp%2Fv2%2Fcomments&post=6674"}],"wp:featuredmedia":[{"embeddable":true,"href":"https:\/\/ramirochamorro.com\/index.php?rest_route=\/wp\/v2\/media\/6676"}],"wp:attachment":[{"href":"https:\/\/ramirochamorro.com\/index.php?rest_route=%2Fwp%2Fv2%2Fmedia&parent=6674"}],"wp:term":[{"taxonomy":"product_cat","embeddable":true,"href":"https:\/\/ramirochamorro.com\/index.php?rest_route=%2Fwp%2Fv2%2Fproduct_cat&post=6674"},{"taxonomy":"product_tag","embeddable":true,"href":"https:\/\/ramirochamorro.com\/index.php?rest_route=%2Fwp%2Fv2%2Fproduct_tag&post=6674"}],"curies":[{"name":"wp","href":"https:\/\/api.w.org\/{rel}","templated":true}]}}